- 4*d - 140 = -1189, 0 = -2*i + 5*d + 707. Calculate the greatest common factor of i and l.
13
Suppose 52 = -3*o + 19. Let j(d) = d**3 + 13*d**2 + 20*d + 13. Let r be j(o). Calculate the greatest common factor of 10 and r.
5
Let w = 133 + -198. Let p = 106 + w. Suppose 5*x = 7*x - 656. Calculate the highest common factor of x and p.
41
Let k(u) = 2. Let l(c) = 4*c - 91. Let q(g) = 2*k(g) - l(g). Let b be q(20). What is the highest common factor of b and 95?
5
Let t be 1373 - (-4)/3*(-48)/64. Suppose 0 = -140*q + 126*q + t. What is the highest common factor of q and 14?
14
Let g(p) = 45*p**3 - 5*p**2 + 70*p - 64. Let l be g(1). Let a(j) = -j**2 + 598. Let d be a(0). Calculate the highest common divisor of l and d.
46
Let g be -3 - (-359 - -1)*11/22. Let w be 1/((-22)/4) + 4432/g. What is the highest common divisor of 100 and w?
25
Let p(j) = -8*j - 6. Suppose -2*t = 3*t - 160. Let y = t + -38. Let u be p(y). What is the highest common divisor of u and 6?
6
Suppose 0 = 2*i, 11*x - 13*x + 6 = 5*i. Let h be ((-1)/x)/(8/(-792)). What is the highest common divisor of h and 3?
3
Let m(k) be the first derivative of -2*k**3/3 - k**2/2 + 77*k - 37. Let w be m(0). Calculate the highest common divisor of w and 7.
7
Let q(f) = f**2 + 9*f - 20. Let o be q(-17). Let t be 7 - -60*12/9. What is the highest common factor of o and t?
29
Let y = 84 - -14. Let v = -168 - -170. Calculate the greatest common divisor of v and y.
2
Let b(j) = j**3 + 5*j**2 - j - 6. Let n be b(-4). Let m be 576/n - 1/7. Suppose o - m = -34. Calculate the greatest common divisor of 14 and o.
7
Let a(n) = -n**3 - 37*n**2 + 106*n - 401. Let f be a(-40). Calculate the highest common factor of f and 7049.
53
Suppose 52*t = 40*t + 1224. Let w = 103 - t. Let f(l) = -l**3 - 5*l**2 + 6*l + 9. Let o be f(-6). What is the greatest common divisor of o and w?
1
Let c(u) = -17*u**2 + 2*u - 1. Let o(z) = -18*z**2 + z - 3. Let d(x) = -6*c(x) + 5*o(x). Let i be d(8). What is the greatest common divisor of 37 and i?
37
Let u be -35*(1 - (-8)/(-4)). Suppose -h - 4*s = -u - 6, 4*s = 2*h - 34. Let v = 127 - 27. What is the greatest common factor of v and h?
25
Let t be 250/4*(-7812)/(-465). What is the highest common divisor of 126 and t?
42
Let d(s) = -35*s + 407. Let j be d(13). Let v be -51*4/3*-1. Let t = j + v. What is the greatest common divisor of t and 10?
10
Let s be (751 - -11)*(-1)/((-2)/14). What is the highest common divisor of s and 42?
42
Suppose 0 = -4*c + 281 + 247. Let u(l) = 33*l**2 - l - 1. Let h be u(-1). What is the greatest common divisor of h and c?
33
Suppose -16*v + 5614 - 830 = 0. Suppose -3*a - v = -80. Let q = -50 - a. What is the greatest common divisor of 69 and q?
23
Suppose -2*o + 928 = 3*w, 3*w - 701 = -4*o + 225. Calculate the highest common divisor of w and 1302.
62
Suppose 45*c + 443 - 1565 - 993 = 0. What is the highest common divisor of 3431 and c?
47
Let o = -195 + 204. Suppose -5*v + o*v = 492. What is the greatest common divisor of v and 164?
41
Suppose 0 = 2*k - 5*k - 5*i + 17, -3*k + 9 = -3*i. Let l be k/(-14) + ((-5720)/(-7))/4. Calculate the highest common divisor of l and 6.
6
Suppose 0 = 20*d - 19*d - j - 73, 2*d + j - 134 = 0. Calculate the highest common factor of 299 and d.
23
Suppose -6*t + 935 = 5*t. Let g = t - -115. Calculate the greatest common divisor of 40 and g.
40
Suppose 110348 - 30968 = 20*h. What is the greatest common divisor of 27 and h?
27
Let l = 499 + -326. Suppose 6*q = 61 + l. Suppose 0 = -13*k + 8*k + 65. Calculate the highest common divisor of k and q.
13
Let i(w) = -19*w - 60. Let r be i(-20). Suppose -4*l + r = 4*l. What is the highest common factor of l and 8?
8
Let v = 430 - 220. What is the greatest common factor of v and 546?
42
Suppose 140*x = -104*x + 46*x + 897138. Calculate the highest common factor of x and 161.
23
Let j = -125 + 224. Suppose 0 = 4*s + 3*m - 386, -m - j - 295 = -4*s. Calculate the greatest common factor of 147 and s.
49
Let c = -10257 - -10563. What is the greatest common factor of c and 782?
34
Let k = 4998 - 3458. Calculate the greatest common divisor of 420 and k.
140
Suppose -137 - 40 = -4*a + 159. Calculate the greatest common factor of a and 1449.
21
Let w be (30/(-25))/(2/(-8)*(-6)/(-160)). Calculate the greatest common factor of w and 112.
16
Suppose -5*d - 2*x + 4*x = 102, 2*x = 2*d + 36. Let m be 34/187 + (-1250)/d. What is the highest common divisor of 76 and m?
19
Suppose 28*g + 794 = 8*g + 5594. Let h = 21 + 75. Calculate the greatest common factor of g and h.
48
Suppose 47178 = 110*p - 34497 + 1925. What is the greatest common factor of 29 and p?
29
Let s = 3152 - 6544. Let a be (-12)/(-15) - (s/10 + 0). What is the highest common factor of 34 and a?
34
Let i = -268 + 333. What is the greatest common divisor of 2795 and i?
65
Let v be 294 + (-10)/(-4)*(14 - 16). Let b = v - -1. What is the greatest common divisor of b and 174?
58
Suppose -278 = -42*m - 263 + 2673. What is the highest common factor of 736 and m?
32
Let s be 232/7*(-5831)/(-1190) + 4/(-10). Calculate the greatest common factor of s and 12.
6
Let r = -7214 - -7232. Calculate the greatest common factor of 3609 and r.
9
Let u = -154 - -134. Let l be (-150)/(-6) - u/(-4). Let d be 3/2*320/6. What is the greatest common factor of d and l?
20
Let i = 50 + -34. Suppose 0 = 2*b - 78 - i. Let s = 87 - b. Calculate the highest common factor of s and 10.
10
Suppose 437 = -c + 431, f - 2*c - 136 = 0. What is the highest common factor of 16244 and f?
124
Let c = 16 + -8. Let o(s) = 2*s + 34. Let b be o(-9). Suppose -76*q = -60*q - b. What is the greatest common factor of q and c?
1
Suppose 4*t - 6*y - 34222 = 0, -5*t - 5*y + 19860 = -22930. What is the greatest common divisor of 129 and t?
43
Suppose 0 = -j - 8 + 11. Suppose -j*t - 144 = -0*t. Let b = t + 55. Calculate the highest common divisor of b and 49.
7
Let n = 1630 + -1137. Suppose -12*i - 104 = -4*k - 8*i, 0 = -i + 3. Calculate the highest common factor of k and n.
29
Let b(l) = 24*l - 26. Let g be b(5). Let a = 139 - g. Suppose -43*o = -a*o + 140. Calculate the highest common factor of 42 and o.
14
Let u = -37 - -29. Let x be (72/(-32))/9 + (-1218)/u. Suppose 0 = -8*a + 12*a - x. What is the highest common divisor of 2 and a?
2
Let p = -654 + 705. Suppose s = -2*t + p, 7*t - 9*t - 2*s + 54 = 0. What is the greatest common divisor of 204 and t?
12
Let z be ((-9)/6)/((-87)/18 - -5). Let l be z/15*(-1300)/4. Calculate the highest common divisor of 39 and l.
39
Suppose 0 = 3*j - 6*j + 45. Suppose -9*z + 3 = -j. Suppose z = -n + 6. Calculate the highest common factor of 1 and n.
1
Let g be -612*((-16)/24 + 0). Suppose 14*j + g = 22*j. What is the highest common divisor of j and 51?
51
Let p = 401 - 403. Let g be (-79 - 9)*p/4. Calculate the highest common factor of 22 and g.
22
Suppose -5*a - 2*a - 14 = 0. Let l be 32 + -26 - a*(-6)/4. Suppose 0 = l*x - 10*x + 140. What is the highest common factor of 180 and x?
20
Suppose -148 = 16*i + 140. Let h be ((-30)/i)/((2/(-2))/(-48)). Calculate the highest common factor of 80 and h.
80
Let b be -1 - (-1 + 1/(-2))*2. Let n be (20/6*-92)/(b/6). Let k be 3/(78/4) - n/104. What is the highest common divisor of k and 45?
9
Let c be (-30)/(-25) - -2 - (-1)/(-5). Let u(d) = -d**2 + 15*d + 3. Let w be u(11). Suppose 0 = -c*b + w - 5. What is the greatest common divisor of b and 14?
14
Let z = -2048 - -2265. Calculate the highest common factor of z and 248.
31
Let o(d) = 2 + 25*d**2 + 0 - 7*d**2 - 3. Let z be o(1). Let m(x) = 59*x - 1263. Let c be m(24). What is the highest common factor of z and c?
17
Suppose -4*z = 10*z + 3906. Let f = -126 - z. What is the greatest common divisor of f and 9?
9
Suppose 4*y = 2*h, -18*y - 16 = -20*y - 3*h. Let n = 31 - -14. Let t be y*(n/6)/5 + 240. Calculate the highest common divisor of 27 and t.
27
Let c(d) be the second derivative of 35*d**4/12 - d**3/2 - 14*d**2 + 2*d + 125. Let a be c(-4). Calculate the greatest common divisor of a and 17.
17
Let p(y) = y**2 - y - 31. Let n be p(0). Let w = -97 - -170. Let a = w + n. Calculate the greatest common factor of a and 336.
42
Let s be 76/(-10) + 8 + 91/35. Let f(z) = -z**3 + 7*z**2 + z + 5. Let m be f(6). Let v = -32 + m. Calculate the highest common divisor of v 